{"id":3,"date":"2026-01-23T16:58:16","date_gmt":"2026-01-23T15:58:16","guid":{"rendered":"https:\/\/developerdays.eu\/warsaw\/?page_id=3"},"modified":"2026-01-24T13:33:49","modified_gmt":"2026-01-24T12:33:49","slug":"polityka-prywatnosci","status":"publish","type":"page","link":"https:\/\/developerdays.eu\/warsaw\/polityka-prywatnosci\/","title":{"rendered":"Polityka prywatno\u015bci"},"content":{"rendered":"<section class=\"l-section wpb_row height_large\"><div class=\"l-section-h i-cf\"><div class=\"g-cols vc_row via_grid cols_1 laptops-cols_inherit tablets-cols_inherit mobiles-cols_1 valign_top type_default stacking_default\"><div class=\"wpb_column vc_column_container\"><div class=\"vc_column-inner\"><h2 class=\"w-post-elm post_title entry-title color_link_inherit\">Polityka prywatno\u015bci<\/h2><div class=\"wpb_text_column\"><div class=\"wpb_wrapper\"><\/p>\n<p>Informujemy \u017ce administratorem danych osobowych uczestnik\u00f3w szkole\u0144 i konferencji, jest firma Data Master sp. z o.o. (dalej: Sp\u00f3\u0142ka) z siedzib\u0105 we Wroc\u0142awiu (50-024) przy ulicy \u015awidnickiej 40, REGON: 022121927, NIP: 8971789230, KRS: 0000458822.<\/p>\n<p>Sp\u00f3\u0142ka przetwarza i zabezpiecza dane osobowe zgodnie z przepisami Rozporz\u0105dzenia Parlamentu Europejskiego i Rady (UE) 2016\/679 z dnia 27 kwietnia 2016 r. w sprawie ochrony os\u00f3b fizycznych w zwi\u0105zku z przetwarzaniem danych osobowych i w sprawie swobodnego przep\u0142ywu takich danych oraz uchylenia dyrektywy 95\/46\/WE (Dziennik Urz\u0119dowy Unii Europejskiej numer L 119\/1) (dalej: Og\u00f3lne rozporz\u0105dzenie o ochronie danych).<\/p>\n<h3 class=\"animated fadeIn wp-block-heading\">Zbieranie danych<\/h3>\n<p>Sp\u00f3\u0142ka pozyskuje dane osobowe uczestnik\u00f3w szkole\u0144 i konferencji, kt\u00f3rzy dokonuj\u0105 zapisu za pomoc\u0105 formularzy dost\u0119pnych na stronach internetowych udost\u0119pnionych przez Sp\u00f3\u0142k\u0119 lub mailowo.<\/p>\n<h3 class=\"animated fadeIn\">Cele przetwarzania<\/h3>\n<p>Sp\u00f3\u0142ka mo\u017ce przetwarza\u0107 dane osobowe uczestnik\u00f3w szkole\u0144 i konferencji do realizacji nast\u0119puj\u0105cych cel\u00f3w:<\/p>\n<ol>\n<li>organizacja i przeprowadzenie konferencji i szkole\u0144, w tym:<br \/>a. zapisanie uczestnika oraz przes\u0142anie potwierdzenia rejestracji;<br \/>b. wys\u0142anie szczeg\u00f3\u0142\u00f3w wydarzenia;<br \/>c. wydanie imiennych identyfikator\u00f3w wraz z dodatkowym kodem identyfikuj\u0105cym uczestnika;<br \/>d. obs\u0142uga uczestnika w trakcie wydarzenia;<br \/>e. dostarczenie i rozliczenie materia\u0142\u00f3w oraz gad\u017cet\u00f3w;<br \/>f. kontakt w sprawach organizacyjnych;<\/li>\n<li>badanie satysfakcji uczestnika szkolenia lub konferencji;<\/li>\n<li>wystawienie faktury i prowadzenie dokumentacji finansowo-ksi\u0119gowej;<\/li>\n<li>monitorowanie nale\u017cno\u015bci oraz dochodzenie lub obrona roszcze\u0144 z tytu\u0142u uczestnictwa w szkoleniu lub konferencji;<\/li>\n<li>marketing w\u0142asnych produkt\u00f3w, polegaj\u0105cy na przesy\u0142aniu informacji o kolejnych szkoleniach i\u00a0konferencjach;<\/li>\n<li>analiza i rozw\u00f3j proces\u00f3w biznesowych i jako\u015bciowych dotycz\u0105cych przysz\u0142ych us\u0142ug szkoleniowo-konferencyjnych;<\/li>\n<li>promocja Sp\u00f3\u0142ki oraz organizowanych przysz\u0142ych szkole\u0144 i konferencji;<\/li>\n<\/ol>\n<h3 class=\"animated fadeIn\">Zakres przetwarzanych danych osobowych<\/h3>\n<p>Do realizacji ka\u017cdego z podanych powy\u017cej cel\u00f3w przetwarzania, Sp\u00f3\u0142ka przetwarza inny zestaw danych osobowych.\u00a0Dane te obejmuj\u0105 w szczeg\u00f3lno\u015bci:<\/p>\n<ol>\n<li>nazw\u0119\/imi\u0119 i nazwisko;<\/li>\n<li>adres e-mail;<\/li>\n<li>numer telefonu;<\/li>\n<li>obecne stanowisko pracy<\/li>\n<li>ilo\u015b\u0107 lat posiadanego do\u015bwiadczenia zawodowego;<\/li>\n<li>dane do wystawienia faktury (numer NIP, nazw\u0119 pracodawcy lub prowadzonej przez u\u017cytkownika dzia\u0142alno\u015bci, adres (ulica, numer budynku, kod pocztowy, miejscowo\u015b\u0107, kraj), numery i daty wystawionych faktur);<\/li>\n<li>informacje dotycz\u0105ce p\u0142atno\u015bci (spos\u00f3b zap\u0142aty, numer rachunku bankowego, kwota, rabat, numer kuponu rabatowego);<\/li>\n<li>kod weryfikacyjny;<\/li>\n<\/ol>\n<h3 class=\"animated fadeIn\">Podstawy prawne przetwarzania danych osobowych<\/h3>\n<p>Sp\u00f3\u0142ka przetwarza dane osobowe uczestnik\u00f3w szkole\u0144 lub konferencji, poniewa\u017c jest to niezb\u0119dne do realizacji zawartej umowy dotycz\u0105cej uczestnictwa w szkoleniu lub konferencji oraz w celu podj\u0119cia krok\u00f3w niezb\u0119dnych do zawarcia umowy, zgodnie z Art. 6, ust.1, lit. b Og\u00f3lnego rozporz\u0105dzenia o ochronie danych.<\/p>\n<p>Sp\u00f3\u0142ka przetwarza dane osobowe uczestnik\u00f3w w celu realizacji obowi\u0105zku prawnego, zgodnie z Art. 6 ust.1, lit. c Og\u00f3lnego rozporz\u0105dzenia o ochronie danych. W\u00a0szczeg\u00f3lno\u015bci Sp\u00f3\u0142ka jest zobowi\u0105zana do przestrzegania przepis\u00f3w:<\/p>\n<p>\u2013 ustawy z dnia 11 marca 2004 r. o podatku od towar\u00f3w i us\u0142ug (Dz.U. 2004 nr 54 poz. 535 z p\u00f3\u017aniejszymi zmianami);<\/p>\n<p>\u2013 ustawy z dnia 29 wrze\u015bnia 1994 r. o rachunkowo\u015bci (Dz.U. 1994 nr 121 poz. 591 z p\u00f3\u017aniejszymi zmianami);<\/p>\n<p>Sp\u00f3\u0142ka przetwarza dane osobowe uczestnik\u00f3w w celu ustalenia, dochodzenia lub obrony roszcze\u0144 w\u00a0spos\u00f3b polubowny lub na drodze s\u0105dowej, zgodnie z Art. 6 ust. 1 lit f Og\u00f3lnego rozporz\u0105dzenia o ochronie danych.<\/p>\n<p>Sp\u00f3\u0142ka przetwarza dane osobowe uczestnik\u00f3w do realizacji cel\u00f3w wynikaj\u0105cych z\u00a0prawnie uzasadnionych interes\u00f3w Sp\u00f3\u0142ki, zgodnie z Art. 6 ust.1 lit. f Og\u00f3lnego rozporz\u0105dzenia o ochronie danych. Prawnie uzasadnione interesy obejmuj\u0105:<\/p>\n<p>\u2013 badanie satysfakcji uczestnika szkolenia lub konferencji;<\/p>\n<p>\u2013 monitorowanie nale\u017cno\u015bci;<\/p>\n<p>\u2013 marketing w\u0142asnych produkt\u00f3w, polegaj\u0105cy na przesy\u0142aniu informacji o kolejnych szkoleniach i konferencjach;<\/p>\n<p>\u2013 analiza i rozw\u00f3j proces\u00f3w biznesowych i jako\u015bciowych;<\/p>\n<p>Informujemy, \u017ce je\u017celi przetwarzanie danych osobowych s\u0142u\u017cy realizacji prawnie uzasadnionego interesu Sp\u00f3\u0142ki, uczestnik ma prawo sprzeciwi\u0107 si\u0119 takiemu przetwarzaniu. W przypadku otrzymania takiego sprzeciwu Sp\u00f3\u0142ka zaprzestanie dalszego przetwarzania danych osobowych, kt\u00f3rych dotyczy\u0142 sprzeciw, chyba \u017ce, wyka\u017ce istnienie wa\u017cnych prawnie uzasadnionych podstaw do dalszego ich przetwarzania.<\/p>\n<p>Sp\u00f3\u0142ka mo\u017ce tak\u017ce przetwarza\u0107 dane osobowe, na podstawie otrzymanej zgody uczestnika, zgodnie art. 6, ust.1, lit. a Og\u00f3lnego rozporz\u0105dzenia o ochronie danych i dotyczy to g\u0142\u00f3wnie dzia\u0142a\u0144 marketingowych lub wykorzystania wizerunku uczestnika.<\/p>\n<p>Informujemy, \u017ce je\u017celi przetwarzanie danych osobowych jest realizowane w oparciu o zgod\u0119 uczestnika, uczestnik w ka\u017cdej chwili mo\u017ce wycofa\u0107 zgod\u0119 na ca\u0142o\u015b\u0107 przetwarzania, na kt\u00f3re wyrazi\u0142 zgod\u0119, lub na poszczeg\u00f3lne cele przetwarzania. Informujemy tak\u017ce, \u017ce wycofanie zgody nie wp\u0142ynie na legalno\u015b\u0107 przetwarzania danych osobowych uczestnika, kt\u00f3re by\u0142o realizowane w oparciu o zgod\u0119 przed jej wycofaniem.<\/p>\n<h3 class=\"animated fadeIn\">Automatyczne przetwarzanie danych<\/h3>\n<p>Sp\u00f3\u0142ka mo\u017ce przetwarza\u0107 dane osobowe uczestnik\u00f3w z wykorzystaniem narz\u0119dzi umo\u017cliwiaj\u0105cych profilowanie os\u00f3b. Profilowanie to mo\u017ce by\u0107 wykorzystywane do dostosowania ofert uczestnictwa w\u00a0szkoleniach lub konferencjach.<\/p>\n<h3 class=\"animated fadeIn\">Udost\u0119pnienie danych osobowych<\/h3>\n<p>Sp\u00f3\u0142ka mo\u017ce przekazywa\u0107 dane osobowe uczestnik\u00f3w:<\/p>\n<p>\u2013 podmiotom wsp\u00f3\u0142pracuj\u0105cym przy realizacji szkolenia lub konferencji, w przypadku, gdy udost\u0119pnienie jest niezb\u0119dne do prawid\u0142owego zorganizowania wydarzenia;<\/p>\n<p>\u2013 innym podmiotom w przypadku, gdy zostanie utworzony nowy podmiot lub organizacja zostanie przej\u0119ta przez inny podmiot je\u015bli administrator jest zaanga\u017cowany w fuzj\u0119, sprzeda\u017c lub przeniesienie cz\u0119\u015bci lub ca\u0142o\u015bci swojej dzia\u0142alno\u015bci;<\/p>\n<p>\u2013 innym podmiotom w przypadku, kiedy podmiot zostanie do tego zobowi\u0105zany, na przyk\u0142ad zgodnie z obowi\u0105zuj\u0105cym nakazem s\u0105dowym lub przepisami prawa;<\/p>\n<p>\u2013 innym podmiotom w przypadku otrzymania zgody uczestnika;<\/p>\n<p>\u2013 dostawc\u0105 us\u0142ug, kt\u00f3rzy przetwarzaj\u0105 dane na wy\u0142\u0105czne polecenie Sp\u00f3\u0142ki i s\u0105 na podstawie umowy zobowi\u0105zane do ochrony powierzonych im danych;<\/p>\n<p>Dane osobowe mog\u0105 zosta\u0107 udost\u0119pnione podmiotom w krajach trzecich po zapewnieniu odpowiedniego poziomu ich ochrony oraz zgodnie z obowi\u0105zuj\u0105cymi przepisami prawa. Zapewnieniu odpowiedniego poziomu ochrony mo\u017ce si\u0119 odbywa\u0107 poprzez zastosowanie odpowiednich \u015brodk\u00f3w technicznych, podpisanie standardowych klauzul umownych wydanych przez Komisj\u0119 Europejsk\u0105 lub w oparciu o zobowi\u0105zania podj\u0119te w ramach Tarczy Prywatno\u015bci pomi\u0119dzy Uni\u0105 Europejsk\u0105 a USA.<\/p>\n<h3 class=\"animated fadeIn\">Okres przechowywania<\/h3>\n<p>Okres przechowywania danych osobowych jest \u015bci\u015ble uzale\u017cniony od celu przetwarzania. Dane s\u0105 przechowywane przez okres wymagany przez przepisy prawa lub przez okres, jaki jest niezb\u0119dny do realizacji celu przetwarzania. Dla przyk\u0142adu:<\/p>\n<p>\u2013 dokumentacja finansowo-ksi\u0119gowa jest przechowywania przez okres 6 lat licz\u0105c od daty zap\u0142aty nale\u017cno\u015bci;<\/p>\n<p>\u2013 dane niezb\u0119dne do zorganizowania, rozliczenia i udokumentowania szkolenia lub konferencji s\u0105 przechowywane przez okres 10 lat po zako\u0144czeniu konferencji;<\/p>\n<p>\u2013 dane przetwarzane na podstawie zgody osoby, mog\u0105 by\u0107 przetwarzane do czasu wycofania zgody lub \u017c\u0105dania usuni\u0119cia danych przez uczestnika;<\/p>\n<h3 class=\"animated fadeIn\">Obowi\u0105zek przekazania danych osobowych<\/h3>\n<p>Dane podawane s\u0105 dobrowolnie. Brak podania danych uniemo\u017cliwi jednak wzi\u0119cie udzia\u0142u w szkoleniu lub konferencji.<\/p>\n<h3 class=\"animated fadeIn\">Prawa os\u00f3b, kt\u00f3rych dane dotycz\u0105<\/h3>\n<p>Uczestnik ma prawo \u017c\u0105da\u0107 dost\u0119pu do twoich danych osobowych. W wielu przypadkach masz tak\u017ce prawo \u017c\u0105da\u0107 poprawienia twoich danych osobowych, ich usuni\u0119cia, ograniczenia przetwarzania oraz prawo do przenoszenia danych.<\/p>\n<p>Uczestnik ma prawo do wycofania zgody na przetwarzanie danych osobowych w ka\u017cdym czasie oraz prawo do wniesienia sprzeciwu wobec przetwarzania jego danych osobowych, je\u015bli gromadzenie i wykorzystywanie danych oparte jest na naszym prawnie uzasadnionym interesie.<\/p>\n<p>Informujemy tak\u017ce, \u017ce przys\u0142uguje Pa\u0144stwu prawo do wniesienia skargi do krajowego organu nadzorczego.<\/p>\n<h3 class=\"animated fadeIn\">Kontakt<\/h3>\n<p>W przypadku potrzeby skorzystania z przys\u0142uguj\u0105cych Pa\u0144stwu praw, prosimy o kontakt na adres e-mail:\u00a0<a href=\"mailto:info@data-master.pl\">info@data-master.pl<\/a><\/p><\/p>\n<\/div><\/div><\/div><\/div><\/div><\/div><\/section>","protected":false},"excerpt":{"rendered":"","protected":false},"author":1,"featured_media":0,"parent":0,"menu_order":0,"comment_status":"closed","ping_status":"open","template":"","meta":{"footnotes":""},"class_list":["post-3","page","type-page","status-publish","hentry"],"_links":{"self":[{"href":"https:\/\/developerdays.eu\/warsaw\/wp-json\/wp\/v2\/pages\/3","targetHints":{"allow":["GET"]}}],"collection":[{"href":"https:\/\/developerdays.eu\/warsaw\/wp-json\/wp\/v2\/pages"}],"about":[{"href":"https:\/\/developerdays.eu\/warsaw\/wp-json\/wp\/v2\/types\/page"}],"author":[{"embeddable":true,"href":"https:\/\/developerdays.eu\/warsaw\/wp-json\/wp\/v2\/users\/1"}],"replies":[{"embeddable":true,"href":"https:\/\/developerdays.eu\/warsaw\/wp-json\/wp\/v2\/comments?post=3"}],"version-history":[{"count":1,"href":"https:\/\/developerdays.eu\/warsaw\/wp-json\/wp\/v2\/pages\/3\/revisions"}],"predecessor-version":[{"id":247,"href":"https:\/\/developerdays.eu\/warsaw\/wp-json\/wp\/v2\/pages\/3\/revisions\/247"}],"wp:attachment":[{"href":"https:\/\/developerdays.eu\/warsaw\/wp-json\/wp\/v2\/media?parent=3"}],"curies":[{"name":"wp","href":"https:\/\/api.w.org\/{rel}","templated":true}]}}